2 + 1024244. Is c a composite number?
True
Suppose -2*d + 4*z = 0, -d - 4*z = -z. Suppose d = q + 2*i - 915, 5*q - i - 4551 = i. Is q a composite number?
False
Suppose 611*d - 606*d = 5*h + 246240, -3*d + 147754 = -h. Is d a prime number?
True
Let w(f) = -f**3 - 10*f**2 + 12*f + 14. Suppose 5*z + 3*z = -88. Let n be w(z). Suppose n*m + 5*b = 1352, 6*b + 2242 = 5*m + 3*b. Is m a prime number?
True
Let a be (-4)/(-4)*-3 + (-30)/(-5). Suppose -5*q + 2*j = a*j - 9800, 4*q - 7854 = 2*j. Is q composite?
True
Suppose 462 = 4*i - 190. Let b be 16/16 + 2/2 + -114. Let m = b + i. Is m a composite number?
True
Suppose 20 = -7*t - 15. Suppose 4*s - 540 = -3*n - 2*n, -n + 540 = 4*s. Is ((-1266)/t)/(54/s) a prime number?
False
Is 1642346*-1*((-372)/24 - -15) composite?
False
Let i = 6302 + 41584. Is i/(-4)*96/(-144) a composite number?
True
Suppose 4*c = -0*c + 624. Is (1 + c)/(10 - 9) a prime number?
True
Let w(l) = 9225*l + 472. Is w(5) a prime number?
False
Let s = 629072 + -295842. Let y be (s/(-40))/((-3)/(-12)*-1). Suppose 0 = 12*b - 40393 - y. Is b prime?
True
Let p(b) be the first derivative of -18*b + 3/2*b**2 + 8/3*b**3 + 28. Is p(19) a composite number?
False
Let n = -137509 + 362808. Is n a prime number?
True
Is 104308/100 + 114/(-1425) prime?
False
Let p be 1 - (8 + 21/(-3)). Suppose p = 34*r + 43399 - 130337. Is r composite?
False
Let g(o) be the third derivative of 461*o**5/120 + o**4/4 - 8*o**3/3 - 18*o**2. Let c(y) be the first derivative of g(y). Is c(1) a composite number?
False
Suppose -194*y + 183*y + 601744 = 0. Let b = y - 16407. Is b a prime number?
False
Let f = 186 + 2883. Let x = 754 + f. Is x a prime number?
True
Let j be -4 - (-81)/(-5 - -8). Suppose -2*h = 2*k - 5*k - j, 5*h - 30 = 2*k. Is 1259/2*-1*(2 - h) a prime number?
True
Suppose 2*q - 5*x = -33, -2*q + 5*x - 71 = 2*q. Let c(o) = -19*o + 132. Is c(q) prime?
False
Let k(o) = 1161*o**2 + 506*o - 23. Is k(60) a prime number?
True
Let j(o) = o**3 - 8*o**2 + 5*o + 1. Suppose 7*c + 24 = 9*c. Suppose -24 = -4*h + c. Is j(h) composite?
False
Let z(w) = 2*w + 11. Let f be z(0). Suppose 2*y = f - 3. Suppose 2833 = 5*n - 4*t + 124, -y*n + 2*t = -2166. Is n a prime number?
True
Let x = -2442 + 4816. Is x composite?
True
Let f(g) = g**3 + 4*g**2 + 3. Let j be f(-4). Suppose j*q + 2*r = 10, 4*q - 3*r - 25 = -8*r. Is (-5)/(15/(-129)) - q composite?
False
Suppose -18*p + 4*b + 7787326 = 0, 135*p + 5*b = 130*p + 2163195. Is p a composite number?
False
Let j = -398025 - -670144. Is j a prime number?
False
Suppose f = -3*s - 169 + 157, 5*f + 20 = -5*s. Let c(w) = w**2 - 2*w + 2. Let v be c(2). Suppose f = -4*y + y + 4*q + 1027, -v*y = q - 670. Is y prime?
True
Let b = 577 + -20. Is b a composite number?
False
Is (-7190)/30*(196180/(-140) - 2/(-7)) a prime number?
False
Suppose 0*p - t = -p + 96162, 0 = 5*t + 25. Is p prime?
True
Let w be ((-1)/(-3))/(6/(-270)*-1). Suppose w = 33*n - 28*n. Is ((-190)/30)/((-1)/n) a composite number?
False
Is ((-55)/20)/11*-484676 composite?
False
Let j(z) = -28*z**3 + 2*z**2 - 2*z - 3. Suppose -3 = -4*s + 17. Suppose -16 = 2*h - 3*t, t = 2*h - s*h - 2. Is j(h) a composite number?
False
Let v(r) be the second derivative of r**4 + 37*r**3/6 + 9*r**2/2 - 13*r - 3. Is v(-16) prime?
False
Let z = -31 + 35. Let k be (-1)/((-1)/149) - z. Suppose 5*n - 3*x = 351, 2*n - 2*x - k = -3. Is n a prime number?
False
Let q = -48 - -61. Let z = q + -11. Is 179*(-1 + z)*(-1)/(-1) a prime number?
True
Let z be (-1)/(5/(-292)) - (-36)/60. Let v = z + -36. Suppose -v*b + 25*b = 2702. Is b a prime number?
False
Let g(i) be the second derivative of -15*i**3/2 + 73*i**2/2 + 113*i. Is g(-30) a composite number?
False
Let z(j) = -794*j - 9. Let m be z(-18). Let y = m + 3364. Is y composite?
True
Suppose 2*a - 2*t - 6 = 0, -5*a + 0 - 20 = 2*t. Let k be 271/(-4) + a/16*2. Let u = 18 - k. Is u prime?
False
Suppose -2*n = -3*l - 1354352, -6*n + 3*n + 2031509 = 5*l. Is n a prime number?
False
Let p be (-6204)/(-15) + (-2)/(-5). Let m = -145 - -151. Suppose p = -0*l + m*l. Is l composite?
True
Suppose 21*r = 27*r - 276. Let v(q) = 24 - 14 - 3*q - 7 + r*q**2. Is v(1) composite?
True
Suppose 4*c = 3*z - 6*z - 171, 0 = 3*c + 5*z + 131. Is (-47912)/(-28) + 6/c a composite number?
True
Let m = -184 + 326. Let z be 766 + 7/(-4)*4. Suppose -2*c - g + z = 0, 4*g - m - 255 = -c. Is c composite?
True
Suppose -3*w = -2*w + 3*a - 10729, -6 = 2*a. Suppose 5*t - l = 18300 + 8490, 0 = -2*t - 4*l + w. Is t composite?
True
Suppose -2*p - 4*f + 86606 = 0, 4*p + 3*f - 129900 = p. Is p a composite number?
True
Let t(m) = 15*m**3 + 13*m + 41. Let n(h) = 7*h**3 + 7*h + 21. Let z(s) = 11*n(s) - 6*t(s). Is z(-4) a prime number?
True
Let s(m) = -4790*m - 39. Suppose -5*i + n - 15 = 0, -2*n - 5 = -5*i - 15. Is s(i) a prime number?
True
Suppose -13*v + 1958173 = -52498. Is v a prime number?
True
Let i = -70 - -75. Suppose 5*m + 34 = -3*q, -7*q = -i*m - 2*q - 10. Let x(a) = 113*a**2 - 8*a - 10. Is x(m) composite?
True
Suppose -2*a = 5*d - 209, 89 - 370 = -3*a - d. Let h = a + -96. Is (250 - 5/(-1)) + h a composite number?
False
Suppose 0 = 13*m - 4948175 + 863406. Is m composite?
False
Suppose 8375 = 4*r - 5*o, 14 = -3*o + 17. Is r prime?
False
Suppose 3*b - 14550 = -r + 92, 0 = 2*r + 3*b - 29275. Is r a composite number?
False
Let v(q) = 24*q**2 + 4*q - 7. Suppose -5*h - 6 = 4. Let r be -2 - (-18)/h - -4. Is v(r) composite?
True
Let x = 103069 + -46083. Is x a prime number?
False
Let u(s) = 3*s**3 - 19*s**2 - 31*s + 12. Let g be (1 - 2)*(-14)/(70/45). Is u(g) a prime number?
False
Let v be (-50 - 4)*(0 - -373). Let f = -11571 - v. Is f a prime number?
False
Suppose -488464 = -4*a + 4*n + 172348, 2*a = 3*n + 330407. Is a prime?
False
Let l be 44/(-6)*((-30312)/(-16) - 0). Let p = l - -21456. Is p prime?
False
Let d be (8/10 + 468/15)*-46. Let j = 6567 - d. Is j a composite number?
False
Let f be 16/(-6)*3/(-2). Suppose -43*a = -44*a + 2. Suppose 5*z = a*p - 956, 3*p - f*z = -p + 1900. Is p composite?
True
Let f(a) = -14*a**3 + 5*a**2 + 11*a - 3. Let u be f(-2). Suppose -4*x + 249 + u = 0. Is x prime?
True
Suppose -4*x = -3*o + 169398, -x = 2*o + 3*x - 112932. Suppose 0 = 7*q - o + 5149. Is q a composite number?
False
Is -22369*430/(-80) + 6/(-16) composite?
False
Suppose 0 = -3*q + 6*q - 24. Suppose -q*r = 11643 - 72547. Is r prime?
False
Suppose 4*i + 144 = -20*i. Let o(k) = -1343*k + 40. Is o(i) composite?
True
Let q be 1 + (212/3)/(10/615). Suppose -8*v + q = 19*v. Is v composite?
True
Let g = 81986 + -44367. Is g a composite number?
False
Suppose -2*u = 3*w - 385661, -3*w = 22*u - 21*u - 385654. Is w a composite number?
False
Let a = -247 - -253. Suppose -2*w = -3*u - 4309, -w = -a*w - u + 10764. Is w a composite number?
False
Let u = -4 + 6. Suppose 3*y - 4*z - 585 = 0, -4*y - 5*z + 434 = -315. Suppose u*a = y + 55. Is a a composite number?
True
Let w(g) = 502*g - 3897. Is w(65) composite?
True
Suppose 3*q = 2*q + 71. Suppose 0 = -43*m - 29*m - 936. Let z = m + q. Is z composite?
True
Suppose 0 = -175*g + 194*g - 1264393. Is g a composite number?
True
Suppose -3*f + 2*w + 10825 = 0, -3*f + 5*w + 14424 = f. Is f prime?
False
Let w = -764 + 18631. Is w a prime number?
False
Let p = 33 + -33. Suppose -108 = -3*v - p*v. Is 852/v*33*1 a composite number?
True
Let w be 4 + -2*4/8 + 1. Let h(l) = 126*l - 9 + 52*l - 93*l. Is h(w) composite?
False
Suppose 2*x = -6*p + 2*p + 11344, 0 = 2*x + 3*p - 11348. Suppose -x + 338 = -2*o. Is o a prime number?
True
Let w be (0 - 3) + -2*11069*-11. Suppose 0 = 22*j + w - 817693. Is j a prime number?
True
Let i(n) = -n**2 + 4*n - 16. Let w be i(6). Let x(f) = 26*f**2 - 13*f + 113. Is x(w) composite?
True
Suppose -72*m + 14*m = -63742. Suppose 2*w = -3*i - 1179, 5*w = 5*i - 2387 - 598. Let x = m + w. Is x composite?
True
Suppose -40*x - 34*x = 162*x - 6113108. Is x composite?
False
Suppose 0 = 5*m - 10*m. Suppose m = z - 4*z - 2*c - 1, 24 = 3*z - 3*c. Suppose 0*p + 5961 = z*p. Is p composite?
False
Suppose 2*v - 271 = -d, 4*v - 3*d - 64 = 453. Suppose 0 = 5*l - 2*a - 704, 6*a - 9*a = -l + v. Is l prime?
False
Suppose -33*u - 4 = -37*u, 0 = 5*f + u - 2043176. Is f a composite number?
True
Let x be (-1)/(-1) - 39546/(0 + -3). Suppose 0 = -2*b + x + 1571. Is b prime?
False
Let q be (